
2, 11
What are the prime factors of (-352)/220 - (-7748)/5?
2, 3, 43
Let w = -14 - -28. Let j = w + 19. Suppose 5*y = 5*a - 595, 0 = a - 4*y - 98 - j. List the prime factors of a.
5, 23
Suppose -2*r - 9 = -4*r - w, 0 = -r + 4*w - 9. What are the prime factors of r/12*1957 - (-12)/(-48)?
3, 163
Let r = -33 - -18. Let g be (-3 - (1 + r)) + 3. Let n(j) = 2*j**2 - 13*j - 17. What are the prime factors of n(g)?
193
Let r = 483 + -340. Let b(u) = 3 - 4 - r*u - 4 - 5. What are the prime factors of b(-2)?
2, 3, 23
Let h(n) = -298*n + 5402. What are the prime factors of h(-12)?
2, 67
Suppose 0 = -4*y + 3*t - 30 - 301, 0 = -5*t + 25. Let a = -1 - y. What are the prime factors of a?
2, 3, 13
Let p(t) = 6*t**2 - 73*t + 395. What are the prime factors of p(-31)?
2, 3, 13
Suppose -1 = -j - 4*m, 3*j + 2*m - 17 = -3*m. Let x(t) = 2*t**2 - 13*t - 41. What are the prime factors of x(j)?
2
Let s = 8288 - -509. What are the prime factors of s?
19, 463
Let j be 2/4 + (-95)/(-38). Suppose 3*g - 8*g - 3*p - 2 = 0, -j*g + 22 = -4*p. Suppose z - 489 = -g*z. What are the prime factors of z?
163
Let x(i) be the second derivative of -5*i + 13/12*i**4 + 0 - 1/20*i**5 + 0*i**2 - 11/3*i**3. What are the prime factors of x(9)?
2, 3, 7
Let c(b) = -b - 6. Let q(p) = -2*p - 13. Let v(d) = -7*c(d) + 3*q(d). Let y be v(-3). Suppose y = 7*j - 5*j - 62. List the prime factors of j.
31
Let z(a) = 322*a - 199. Suppose -12*v + 42 = -18. List the prime factors of z(v).
17, 83
Let g(r) = -17 - 99*r**2 - 112*r**2 + 214*r**2 + 3*r. List the prime factors of g(7).
151
Suppose -45*p = -40*p + 350. What are the prime factors of (2016/(-40))/(2*2/p)?
2, 3, 7
Let n = -1 - -3. Let d be (n/(-2) + 1)/1. Suppose 3*x + 2*z - 354 = d, 3*x + 0*z = -5*z + 363. What are the prime factors of x?
2, 29
Let g = -6289 - -12051. What are the prime factors of g?
2, 43, 67
What are the prime factors of ((-144870)/40)/(-5 + 152/32)?
3, 11, 439
Let x = 324 + -184. What are the prime factors of -1205*(-6 + x/25)?
2, 241
Let c be 4/30 - (-7)/((-525)/10). Suppose 5*u - 8*u + 438 = c. What are the prime factors of u?
2, 73
Suppose -31*h + 50*h + 16948 = 0. Let z = 841 - h. List the prime factors of z.
1733
Suppose q - 24*z - 17731 = -27*z, -4*q = 3*z - 70942. What are the prime factors of q?
17737
Let h = -171 + 521. Let x = h - 256. List the prime factors of x.
2, 47
Let b(m) = 339*m**2 + 17*m + 35. Let d be 1*(-1 + 4/(-4)). What are the prime factors of b(d)?
23, 59
List the prime factors of ((-142638)/(-24))/(5/8 - (-87)/(-232)).
23773
Let s be (-10)/25 - (-1 - (-282)/(-5)). Suppose s = -3*a + 15. Let p(w) = w**3 + 16*w**2 + 19*w + 2. List the prime factors of p(a).
2
Let c(x) = 11*x**2 - 2*x - 2. Let m be c(-1). Let y be m/(2/(-24)*-1). Let j = 264 - y. List the prime factors of j.
2, 3, 11
What are the prime factors of 11224 - (3/27 - (-13)/(117/(-28)))?
103, 109
Let l be 13/(-117) - 34/18. List the prime factors of (-219000)/(-460) + l/23.
2, 7, 17
Let r = 4 + -7. Suppose -4*m - 16 = 2*u, 4*m + 0 = u - 28. What are the prime factors of ((-400)/m)/(-5)*r?
2, 5
Let c(q) = 5*q**2 - 18*q - 19. Let i(p) = 4*p**2 - 18*p - 19. Let u(d) = 5*c(d) - 4*i(d). What are the prime factors of u(9)?
2, 137
Let j(z) = z**3 - 10*z**2 + 22*z - 2. Let i be j(11). Suppose i*f = 368*f - 3038. List the prime factors of f.
2, 7, 31
Let a(k) = 3*k**2 + 14*k + 9. Suppose 2*v + 4*p = 2, -v = -3*p - 0 - 6. Let b be (v - (-2)/(-1))*-1 + 7. List the prime factors of a(b).
3, 67
Suppose -309*t - 243 = -312*t. Let u = t - -252. What are the prime factors of u?
3, 37
Suppose 12*a - 8*a - 3 = -3*z, 3*a = 4*z - 4. List the prime factors of (z - (6 - 6)) + 373.
2, 11, 17
Let o(d) = -7*d**3 + d**2 + 7*d + 5. Let s be o(-1). Suppose -s*h - 5335 = -17*h. List the prime factors of h.
5, 97
Let y be 22 - -5 - (-2 + 4). Let t(s) = -y*s**2 + 48*s**3 - 2*s + 1 + 11*s**2 + 15*s**2. List the prime factors of t(1).
2, 3
Let g(m) = -16*m + 36. Let r(p) = 3*p - 7. Let o(q) = 2*g(q) + 11*r(q). Let n be o(6). What are the prime factors of n + (-1)/(4/(-24))?
7
Suppose 84 = -49*r + 61*r. Suppose 90 = -r*x + 405. What are the prime factors of x?
3, 5
Let g = -22631 + 108947. What are the prime factors of g?
2, 3, 7193
Let w be 106/(6*(14/6 - 2)). Let r = w - 52. List the prime factors of (1036/3)/4 - r/3.
2, 43
Suppose 0*v = 4*g - 3*v - 468, -2*g - 4*v = -234. Let b(a) = -10 + g*a + 5 - 31*a. List the prime factors of b(1).
3
Let x(o) = 17*o**2 - 29*o + 206. Suppose -2*r + 3*r - 23 = 3*h, 3*r - 3*h - 39 = 0. What are the prime factors of x(r)?
2, 3, 59
Let f(z) = z**3 - 6*z**2 + 4*z - 2. Let d be f(5). Suppose c + 11 = -3. What are the prime factors of d/c + 978/4?
5, 7
Let v = 13238 - 8794. List the prime factors of v.
2, 11, 101
Suppose 0 = -68*f + 270035 + 925324 + 4690041. List the prime factors of f.
2, 3, 5, 577
Let f be 175 + (-4 - 0) + -3 + 7. Suppose -5*c + f = 5*k, -k - 4 = -0. List the prime factors of c.
3, 13
Let y(w) = w**2 + 6*w - 6. Let m(d) = 2*d - 51. Let x be m(22). Let g be y(x). List the prime factors of (-2 - g)/(3/(-14)).
2, 7
What are the prime factors of 8535360/1120 + 1/7?
7621
Let j(q) = 1315*q + 16368. List the prime factors of j(6).
2, 3, 13, 311
Let d be 5 - 2*-2*3/6. Suppose 4*c + p - 632 = 0, -c + 171 = -d*p + 4*p. List the prime factors of c.
3, 53
Let c = 112 + -112. Suppose -2*b + 926 = 5*o, c*b + 383 = 2*o + 5*b. List the prime factors of o.
2, 23
Let c = -10 - -14. Let n = -32346 - -28854. What are the prime factors of (-1)/c - n/16?
2, 109
List the prime factors of ((-27144)/(-14))/((-39)/(-910)).
2, 3, 5, 13, 29
Suppose 4234952 - 3338018 = 318*x - 5977908. List the prime factors of x.
13, 1663
Let n = 50 - -80. Let q = n + -90. Suppose q*d - 45*d + 75 = 0. What are the prime factors of d?
3, 5
Let g(k) = k**3 + k**2 - 85*k - 1600. List the prime factors of g(32).
2, 3, 307
What are the prime factors of (-1613)/(-2)*(-6 + 10) + -50 + 47?
11, 293
Let y(d) = -3*d - 16. Let g be y(-5). Let t be (-4 - g) + 65/13. Let s(p) = 26*p**3 + p + 1. What are the prime factors of s(t)?
211
Suppose -i + 19580 = -2*g, -g + 0*g = 2*i - 39130. What are the prime factors of i?
2, 1223
Let i = 71 - 72. Let j be (11/(-5) - i)/(2/(-5)). List the prime factors of (j/((-30)/(-4)))/(6/1170).
2, 3, 13
Suppose 0 = 800*d - 797*d - 1344. What are the prime factors of d?
2, 7
Suppose -66 = -18*q + 16*q. Let z be (-4 + q/9)/1*-15. Suppose -1092 = z*v - 11*v. List the prime factors of v.
2, 7, 13
Let j(k) = -58*k**3 + k**2 + k. Let o be 2 - (-156)/10 - 14/(-35). Suppose 0 = -2*w + 5*r + o, 3*w - r - 2 = w. List the prime factors of j(w).
2, 29
Let g(f) = 4*f**2 + 6*f - 13. Let c be g(22). Suppose -705 - c = -15*s. What are the prime factors of s?
2, 23
Let s(c) = -121*c - 41. Let m be s(-7). List the prime factors of (m*7/7)/2.
13, 31
Let l(g) = g**3 - 7*g**2 - 13*g - 20. Let h be l(19). Suppose 9*j = -6*j + h. List the prime factors of j.
271
Let f be -3 + (11 - 1) - 3/1. Suppose -f*v - 813 = -2181. List the prime factors of v.
2, 3, 19
Suppose -4*k + 616 = -4*w, -3*w + 4*k - 63 = 396. Suppose 152 = -7*f - 527. Let a = f - w. List the prime factors of a.
2, 3, 5
Let o(f) = -f - 3*f**2 + 3 + 42*f**3 + 59*f**3 + 51*f**3 + 0*f. List the prime factors of o(1).
151
Suppose 0 = -27*t + 38*t - 154. Suppose t*f - 208 = 6*f. List the prime factors of f.
2, 13
Suppose -4*h + 49147 - 2738 + 19331 = 0. What are the prime factors of h?
5, 19, 173
What are the prime factors of 14751 + -117 + (-1)/(1/(-2))?
2, 3659
Let i(a) = -3*a**3 - 10*a**2 - 19*a - 63. What are the prime factors of i(-17)?
12109
Suppose 0 = -2*h - 2*k + 3820, -3*h + 5*k + 5725 = 3*k. Suppose 0 = -8*q + 5795 + h. List the prime factors of q.
3, 107
Let q = -16 - -17. Suppose k - 520 = -q. What are the prime factors of k?
3, 173
Let t(z) = -z**3 - 6*z**2 - z + 3. Let r be t(-6). Let b(x) = x - 6. Let m be b(r). Suppose -s = -m*s + 128. What are the prime factors of s?
2
Suppose 0*a = 2*a - 0*a. Suppose a*n - 3 = -n. Suppose -3*o = 5*q - 309 - 180, -q + 105 = -n*o. What are the prime factors of q?
3, 11
Let n(q) = -2*q + 22. Let s(m) = 9*m + 2. Let o(f) = 4*f + 1. Let r(d) = -5*o(d) + 2*s(d). Let y be r(4). List the prime factors of n(y).
2, 5
Let f be (-2)/(6/3)*-1321. Suppose -3*l + 9*w - 24 = 6